{"id":2,"date":"2026-02-27T11:31:38","date_gmt":"2026-02-27T11:31:38","guid":{"rendered":"http:\/\/restaurantfeudoux.fr\/?page_id=2"},"modified":"2026-04-16T11:14:12","modified_gmt":"2026-04-16T10:14:12","slug":"sample-page","status":"publish","type":"page","link":"https:\/\/restaurantfeudoux.fr\/","title":{"rendered":"Qui sommes nous ?"},"content":{"rendered":"\n<div class=\"wp-block-group is-layout-constrained wp-block-group-is-layout-constrained\">\n<p class=\"wp-block-paragraph\"><em>Situ\u00e9 \u00e0 Lyon, \u00e0 proximit\u00e9 de la gare Part Dieu, le restaurant Feu Doux vous propose une cuisine du march\u00e9 dans un cadre chaleureux.<\/em><br><em><br>Id\u00e9al pour un repas entre amis ou un d\u00eener en centre-ville de Lyon, notre \u00e9tablissement met \u00e0 l\u2019honneur une cuisine qui part avant tout du produit, des saisons, des arrivages et des envies.<\/em><\/p>\n\n\n\n<p class=\"has-text-align-left wp-block-paragraph\"><em><strong>Feu Doux<\/strong> est n\u00e9 d\u2019un r\u00eave devenu \u00e9vidence : une cuisine sinc\u00e8re, guid\u00e9e par le plaisir de recevoir.<\/em><\/p>\n\n\n\n<p class=\"has-text-align-left wp-block-paragraph\"><em>En salle, le vin occupe une place \u00e0 part enti\u00e8re avec une s\u00e9lection de vignerons ind\u00e9pendants et de domaines confidentiels.<br>Une attention particuli\u00e8re est port\u00e9e \u00e0 l&rsquo;accessibilit\u00e9, avec l&rsquo;envie de proposer des bouteilles justes, sans exc\u00e8s, pour que chacun puisse se faire plaisir sans contrainte<\/em>.<\/p>\n\n\n\n<p class=\"has-text-align-left wp-block-paragraph\"><em><strong>Feu Doux<\/strong>, c\u2019est un couple, deux parcours, une m\u00eame vision : cr\u00e9er un lieu \u00e0 notre image, o\u00f9 l\u2019on accueille comme on aime \u00eatre accueilli.<\/em><\/p>\n\n\n\n<p class=\"has-text-align-left wp-block-paragraph\"><em><strong>Feu Doux<\/strong>, c&rsquo;est un projet de c\u0153ur, de passionn\u00e9s du m\u00e9tier.<br>Un lieu pens\u00e9 pour durer, pour \u00e9voluer, pour cr\u00e9er du lien.<\/em><\/p>\n\n\n\n<p class=\"has-text-align-right wp-block-paragraph\"><em>On y vient pour d\u00e9jeuner, d\u00eener&#8230; et souvent, on y revient&#8230;<\/em><\/p>\n<\/div>\n\n\n\n<p class=\"wp-block-paragraph\"><\/p>\n","protected":false},"excerpt":{"rendered":"<p>Situ\u00e9 \u00e0 Lyon, \u00e0 proximit\u00e9 de la gare Part Dieu, le restaurant Feu Doux vous propose une cuisine du march\u00e9 dans un cadre chaleureux.Id\u00e9al pour un repas entre amis ou un d\u00eener en centre-ville de Lyon, notre \u00e9tablissement met \u00e0 l\u2019honneur une cuisine qui part avant tout du produit, des saisons, des arrivages et des [&hellip;]<\/p>\n","protected":false},"author":1,"featured_media":164,"parent":0,"menu_order":0,"comment_status":"closed","ping_status":"open","template":"","meta":{"_crdt_document":"{\"document\":\"AAAH6NDE0A2oAv8BCCSEA6oCELoHsgaCJQQCAQIKAEoQAgECCgIIEFoBAEoAoAQBAgoCmAEaHgrcAgEASgCIAwECCgJCAQBKAIAKAQIKAkIBAEoAmgUBAgoCQgEASgC+BAECCgJCAQBK0hy2HgECCgEASvQejh8BAQgBAEgAEgEBCAEASAIIEoQBBKABDgIykAP6BoQBtAEA5FmCYIgElgMDAQQDBgb4CWK4C4oBAAYADiIADEYHACIACkQEBgoABhQKzjagBKQCSoYingcEAgcAAgQI4ipajBm6GgEBCAJCAEj6A8AXoicBAQgCQgBI6BmWIB4CEgIEAjLUMAKcMALoCLII8giyCMICQLA6AK4fhAG0AbwF4F8BDqZdgg0OKAAMKAAKEMoW3BhKhiKeBwQCBwACBAjiKlrGBpI2uAP+DAEGhgkAjBkGwgKNAigDJwAEACcABACEAIEAhACBAIQAJwAoBCcAKAAnAAcAKAMnACgBJwAHACgDJwEEAIQBKAInAIcAKAMnAQQAhAMoAicAhwAoAycBBAAoAicAhwAoAycBBAAoAicAhwAoAycBBAAoAicAhwAoAycBBAAoAicAhwAoAycBKAEnACEBqABHACgCJwEoAScAxwAoAicBKAEnAKgABACEB8QGwQDEAcEAxAHBAMQBwQDEAMEAxAGEAMQAhAHEAIQAxACEAcQBhADEAIQBxAGEAMQAhAHEAIQARACEAagBxAzHACgCJwEEACgBJwDEAMcAKAInAQQAKAEnAMQAwQDEAMEAxADBAMQAwQDEAKEBqAHE4yztKnN0YXRldmVyc2lvbmRvY3VtZW50ZGF0ZWRvY3VtZW50c2x1Z2RvY3VtZW50c3RhdHVzZG9jdW1lbnR0aXRsZVF1aSBzb21tZXMgbm91cyA\/ZG9jdW1lbnRjb250ZW50PCEtLSB3cDpncm91cCB7ImxheW91dCI6eyJ0eXBlIjoiY29uc3RyYWluZWQifX0gLS0+CjxkaXYgY2xhc3M9IndwLWJsb2NrLWdyb3VwIj48IS0tIHdwOnBhcmFncmFwaCB7InN0eWxlIjp7InR5cG9ncmFwaHkiOnsidGV4dEFsaWduIjoibGVmdCJ9fX0gLS0+CjxwIGNsYXNzPSJoYXMtdGV4dC1hbGlnbi1sZWZ0Ij48ZW0+PHN0cm9uZz5GZXUgRG91eDwvc3Ryb25nPiBlc3QgbsOpIGTigJl1biByw6p2ZSBkZXZlbnUgw6l2aWRlbmNlIDogdW5lIGN1aXNpbmUgc2luY8OocmUsIGd1aWTDqWUgcGFyIGxlIHBsYWlzaXIgZGUgcmVjZXZvaXIuPC9lbT48L3A+CjwhLS0gL3dwOnBhcmFncmFwaCAtLT4KCjwhLS0gd3A6cGFyYWdyYXBoIHsic3R5bGUiOnsidHlwb2dyYXBoeSI6eyJ0ZXh0QWxpZ24iOiJsZWZ0In19fSAtLT4KPHAgY2xhc3M9Imhhcy10ZXh0LWFsaWduLWxlZnQiPjxlbT5FbiBzYWxsZSwgbGUgdmluIG9jY3VwZSB1bmUgcGxhY2Ugw6AgcGFydCBlbnRpw6hyZSBhdmVjIHVuZSBzw6lsZWN0aW9uIGRlIHZpZ25lcm9ucyBpbmTDqXBlbmRhbnRzIGV0IGRlIGRvbWFpbmVzIGNvbmZpZGVudGllbHMuPGJyPlVuZSBhdHRlbnRpb24gcGFydGljdWxpw6hyZSBlc3QgcG9ydMOpZSDDoCBsJ2FjY2Vzc2liaWxpdMOpLCBhdmVjIGwnZW52aWUgZGUgcHJvcG9zZXIgZGVzIGJvdXRlaWxsZXMganVzdGVzLCBzYW5zIGV4Y8OocywgcG91ciBxdWUgY2hhY3VuIHB1aXNzZSBzZSBmYWlyZSBwbGFpc2lyIHNhbnMgY29udHJhaW50ZTwvZW0+LjwvcD4KPCEtLSAvd3A6cGFyYWdyYXBoIC0tPgoKPCEtLSB3cDpwYXJhZ3JhcGggeyJzdHlsZSI6eyJ0eXBvZ3JhcGh5Ijp7InRleHRBbGlnbiI6ImxlZnQifX19IC0tPgo8cCBjbGFzcz0iaGFzLXRleHQtYWxpZ24tbGVmdCI+PGVtPjxzdHJvbmc+RmV1IERvdXg8L3N0cm9uZz4sIGPigJllc3QgdW4gY291cGxlLCBkZXV4IHBhcmNvdXJzLCB1bmUgbcOqbWUgdmlzaW9uIDogY3LDqWVyIHVuIGxpZXUgw6Agbm90cmUgaW1hZ2UsIG\/DuSBs4oCZb24gYWNjdWVpbGxlIGNvbW1lIG9uIGFpbWUgw6p0cmUgYWNjdWVpbGxpLjwvZW0+PC9wPgo8IS0tIC93cDpwYXJhZ3JhcGggLS0+Cgo8IS0tIHdwOnBhcmFncmFwaCB7InN0eWxlIjp7InR5cG9ncmFwaHkiOnsidGV4dEFsaWduIjoibGVmdCJ9fX0gLS0+CjxwIGNsYXNzPSJoYXMtdGV4dC1hbGlnbi1sZWZ0Ij48ZW0+PHN0cm9uZz5GZXUgRG91eDwvc3Ryb25nPiwgYydlc3QgdW4gcHJvamV0IGRlIGPFk3VyLCBkZSBwYXNzaW9ubsOpcyBkdSBtw6l0aWVyLjxicj5VbiBsaWV1IHBlbnPDqSBwb3VyIGR1cmVyLCBwb3VyIMOpdm9sdWVyLCBwb3VyIGNyw6llciBkdSBsaWVuLjwvZW0+PC9wPgo8IS0tIC93cDpwYXJhZ3JhcGggLS0+Cgo8IS0tIHdwOnBhcmFncmFwaCB7InN0eWxlIjp7InR5cG9ncmFwaHkiOnsidGV4dEFsaWduIjoicmlnaHQifX19IC0tPgo8cCBjbGFzcz0iaGFzLXRleHQtYWxpZ24tcmlnaHQiPjxlbT5PbiB5IHZpZW50IHBvdXIgZMOpamV1bmVyLCBkw65uZXIuLi4gZXQgc291dmVudCwgb24geSByZXZpZW50Li4uPC9lbT48L3A+CjwhLS0gL3dwOnBhcmFncmFwaCAtLT48L2Rpdj4KPCEtLSAvd3A6Z3JvdXAgLS0+Cgo8IS0tIHdwOnBhcmFncmFwaCAtLT4KPHA+PC9wPgo8IS0tIC93cDpwYXJhZ3JhcGggLS0+ZG9jdW1lbnRleGNlcnB0ZG9jdW1lbnRhdXRob3Jkb2N1bWVudGZlYXR1cmVkX21lZGlhZG9jdW1lbnRjb21tZW50X3N0YXR1c2RvY3VtZW50cGluZ19zdGF0dXNkb2N1bWVudHRlbXBsYXRlZG9jdW1lbnRtZXRhZm9vdG5vdGVzZG9jdW1lbnRibG9ja3NjbGllbnRJZGlzVmFsaWRvcmlnaW5hbENvbnRlbnRuYW1lYXR0cmlidXRlc3RhZ05hbWVsYXlvdXRpbm5lckJsb2Nrc2NsaWVudElkaXNWYWxpZG9yaWdpbmFsQ29udGVudG5hbWVhdHRyaWJ1dGVzY29udGVudDxlbT7DgCBMeW9uLCA8c3Ryb25nPkZldSBEb3V4PC9zdHJvbmc+IGVzdCBuw6kgZOKAmXVuIHLDqnZlIGRldmVudSDDqXZpZGVuY2UgOiB1bmUgY3Vpc2luZSBzaW5jw6hyZSwgZ3VpZMOpZSBwYXIgbGUgcGxhaXNpciBkZSByZWNldm9pci48L2VtPmRyb3BDYXBwbGFjZWhvbGRlcnN0eWxlaW5uZXJCbG9ja3NjbGllbnRJZGlzVmFsaWRvcmlnaW5hbENvbnRlbnRuYW1lYXR0cmlidXRlc2NvbnRlbnQ8ZW0+SWNpLCB0b3V0IHBhcnQgZHUgcHJvZHVpdC4gTGEgY2FydGUgc3VpdCBsZXMgc2Fpc29ucywgbGVzIGFycml2YWdlcywgbGVzIGVudmllcy48L2VtPmRyb3BDYXBwbGFjZWhvbGRlcnN0eWxlaW5uZXJCbG9ja3NjbGllbnRJZGlzVmFsaWRvcmlnaW5hbENvbnRlbnRuYW1lYXR0cmlidXRlc2NvbnRlbnQ8ZW0+RW4gc2FsbGUsIGxlIHZpbiBvY2N1cGUgdW5lIHBsYWNlIMOgIHBhcnQgZW50acOocmUgYXZlYyB1bmUgc8OpbGVjdGlvbiBkZSB2aWduZXJvbnMgaW5kw6lwZW5kYW50cyBldCBkZSBkb21haW5lcyBjb25maWRlbnRpZWxzLjxicj5VbmUgYXR0ZW50aW9uIHBhcnRpY3VsacOocmUgZXN0IHBvcnTDqWUgw6AgbCdhY2Nlc3NpYmlsaXTDqSwgYXZlYyBsJ2VudmllIGRlIHByb3Bvc2VyIGRlcyBib3V0ZWlsbGVzIGp1c3Rlcywgc2FucyBleGPDqHMsIHBvdXIgcXVlIGNoYWN1biBwdWlzc2Ugc2UgZmFpcmUgcGxhaXNpciBzYW5zIGNvbnRyYWludGU8L2VtPi5kcm9wQ2FwcGxhY2Vob2xkZXJzdHlsZWlubmVyQmxvY2tzY2xpZW50SWRpc1ZhbGlkb3JpZ2luYWxDb250ZW50bmFtZWF0dHJpYnV0ZXNjb250ZW50PGVtPjxzdHJvbmc+RmV1IERvdXg8L3N0cm9uZz4sIGPigJllc3QgdW4gY291cGxlLCBkZXV4IHBhcmNvdXJzLCB1bmUgbcOqbWUgdmlzaW9uIDogY3LDqWVyIHVuIGxpZXUgw6Agbm90cmUgaW1hZ2UsIG\/DuSBs4oCZb24gYWNjdWVpbGxlIGNvbW1lIG9uIGFpbWUgw6p0cmUgYWNjdWVpbGxpLjwvZW0+ZHJvcENhcHBsYWNlaG9sZGVyc3R5bGVpbm5lckJsb2Nrc2NsaWVudElkaXNWYWxpZG9yaWdpbmFsQ29udGVudG5hbWVhdHRyaWJ1dGVzY29udGVudDxlbT48c3Ryb25nPkZldSBEb3V4PC9zdHJvbmc+LCBjJ2VzdCB1biBwcm9qZXQgZGUgY8WTdXIsIGRlIHBhc3Npb25uw6lzIGR1IG3DqXRpZXIuPGJyPlVuIGxpZXUgcGVuc8OpIHBvdXIgZHVyZXIsIHBvdXIgw6l2b2x1ZXIsIHBvdXIgY3LDqWVyIGR1IGxpZW4uPC9lbT5kcm9wQ2FwcGxhY2Vob2xkZXJzdHlsZWlubmVyQmxvY2tzY2xpZW50SWRpc1ZhbGlkb3JpZ2luYWxDb250ZW50bmFtZWF0dHJpYnV0ZXNjb250ZW50PGVtPk9uIHkgdmllbnQgcG91ciBkw6lqZXVuZXIsIGTDrm5lci4uLiBldCBzb3V2ZW50LCBvbiB5IHJldmllbnQuLi48L2VtPmRyb3BDYXBwbGFjZWhvbGRlcnN0eWxlaW5uZXJCbG9ja3NjbGllbnRJZGlzVmFsaWRvcmlnaW5hbENvbnRlbnRuYW1lYXR0cmlidXRlc2NvbnRlbnRkcm9wQ2FwcGxhY2Vob2xkZXJpbm5lckJsb2Nrc3N0YXRlc2F2ZWRBdHN0YXRlc2F2ZWRCeWNsaWVudElkaXNWYWxpZG5hbWVhdHRyaWJ1dGVzY29udGVudGRyb3BDYXBwbGFjZWhvbGRlcmlubmVyQmxvY2tzY2xpZW50SWRpc1ZhbGlkbmFtZWF0dHJpYnV0ZXNjb250ZW50ZHJvcENhcHBsYWNlaG9sZGVyaW5uZXJCbG9ja3NTaXR1w6kgYXUgY8WTdXIgZGUgTHlvbiBzdXIgbGEgUHJlc3F14oCZw65sZSwgbGUgcmVzdGF1cmFudCBGZXUgRG91eCB2b3VzIHByb3Bvc2UgdW5lIGN1aXNpbmUgW3R5cGVdIGRhbnMgdW4gY2FkcmUgY2hhbGV1cmV1eC48YnI+SWTDqWFsIHBvdXIgdW4gcmVwYXMgZW50cmUgYW1pcyBvdSB1biBkw65uZXIgZW4gY2VudHJlLXZpbGxlIGRlIEx5b24sIG5vdHJlIMOpdGFibGlzc2VtZW50IG1ldCDDoCBs4oCZaG9ubmV1ciBbc3DDqWNpYWxpdMOpc10uw6Agw6AgTHlvbiwgw6AgcHJveGltaXTDqSBkZSBsYSBnYXJlIFBhcnQgRGlldSwgZHUgbWFyY2jDqSAtLT4KPHA+U2l0dcOpIMOgIEx5b24sIMOgIHByb3hpbWl0w6kgZGUgbGEgZ2FyZSBQYXJ0IERpZXUsIGxlIHJlc3RhdXJhbnQgRmV1IERvdXggdm91cyBwcm9wb3NlIHVuZSBjdWlzaW5lIGR1IG1hcmNow6kgZGFucyB1biBjYWRyZSBjaGFsZXVyZXV4Ljxicj5JZMOpYWwgcG91ciB1biByZXBhcyBlbnRyZSBhbWlzIG91IHVuIGTDrm5lciBlbiBjZW50cmUtdmlsbGUgZGUgTHlvbiwgbm90cmUgw6l0YWJsaXNzZW1lbnQgbWV0IMOgIGzigJlob25uZXVyIHNwaWFpdHMuPC9wPgo8IS0tIC93cDpwYXJhZ3JhcGggLS0+Cgo8IS0tIHdwOnBhcmFncmFwaCByIHVyIHVuZSBjdWlzaW5lIHF1aSBxdWkgcHJ0IGFydCBhdmFudCB0b3V0b3V0IGR1IGR1IHByb2R1aXQsIGRlcyBzYWlzYWlzb25zb25zLCBkZXMgYXJyaXZhZ2VzIGVzIGV0IGV0IGRlcyBlcyBlbnZpZXMuPGVtPjwvZW0+ZW52aTwvZW0gbGVzPC9lbTxlbT51bmUgY3VpaW5lIHF1aSBhcnQgYXZhbnQgdG91dCBkdSBwcm9kdXQsIGRlcyBzc29ucywgZGVzIGFycml2YWdlcyBlIGRlIGVudmllc2VtPjwvIGxlczwvZW0gbGVzPC9lbWNsaWVudElkaXNWYWxpZG5hbWVhdHRyaWJ1dGVzY29udGVudDxlbT48YnI+SWTDqWFsIHBvdXIgdW4gcmVwYXMgZW50cmUgYW1pcyBvdSB1biBkw65uZXIgZW4gY2VudHJlLXZpbGxlIGRlIEx5b24sIG5vdHJlIMOpdGFibGlzc2VtZW50IG1ldCDDoCBs4oCZaG9ubmV1ciB1bmUgY3Vpc2luZSBxdWkgcGFydCBhdmFudCB0b3V0IGR1IHByb2R1aXQsIGRlcyBzYWlzb25zLCBkZXMgYXJyaXZhZ2VzIGV0IGRlcyBlbnZpZXMuPC9lbT5kcm9wQ2FwcGxhY2Vob2xkZXJpbm5lckJsb2Nrc2JyPklkw6lhbCBwb3VyIHVuIHJlcGFzIGVudHJlIGFtaXMgb3UgdW4gZMOubmVyIGVuIGNlbnRyZS12aWxsZSBkZSBMeW9uLCBub3RyZSDDqXRhYmxpc3NlbWVudCBtZXQgw6AgbOKAmWhvbm5ldXIgdW5lIGN1aXNpbmUgcXVpIHBhcnQgYXZhbnQgdG91dCBkdSBwcm9kdWl0LCBkZXMgc2Fpc29ucywgZGVzIGFycml2YWdlcyBldCBkZXMgZW52aWVzLjxjbGllbnRJZGlzVmFsaWRuYW1lYXR0cmlidXRlc2NvbnRlbnQ8ZW0+PGJyPklkw6lhbCBwb3VyIHVuIHJlcGFzIGVudHJlIGFtaXMgb3UgdW4gZMOubmVyIGVuIGNlbnRyZS12aWxsZSBkZSBMeW9uLCBub3RyZSDDqXRhYmxpc3NlbWVudCBtZXQgw6AgbOKAmWhvbm5ldXIgdW5lIGN1aXNpbmUgcXVpIHBhcnQgYXZhbnQgdG91dCBkdSBwcm9kdWl0LCBkZXMgc2Fpc29ucywgZGVzIGFycml2YWdlcyBldCBkZXMgZW52aWVzLjwvZW0+ZHJvcENhcHBsYWNlaG9sZGVyaW5uZXJCbG9ja3MvZW0+PHI+PGVtPjxicj5JZMOpYWwgcG91ciB1biByZXBhcyBlbnRyZSBhbWlzIG91IHVuIGTDrm5lciBlbiBjZW50cmUtdmlsbGUgZGUgTHlvbiwgbm90cmUgw6l0YWJsaXNzZW1lbnQgbWV0IMOgIGzigJlob25uZXVyIHVuZSBjdWlzaW5lIHF1aSBwYXJ0IGF2YW50IHRvdXQgZHUgcHJvZHVpdCwgZGVzIHNhaXNvbnMsIGRlcyBhcnJpdmFnZXMgZXQgZGVzIGVudmllcy48L2VtPjw8ZW0+PGJyPmIFBwgECAQIBggFEQgHogGVAb0DmhIIBwgGCA4IDggLSAEECQgGCAcPBAoHBgsIBw8ECgcECLkBBwsFCwgHDwQKBywNDwUMBwsFCwgHDwQKB7UEBwsFCwgHDwQKB6ICBwsFCwgHDwQKB5QCBwsFCwgHDwQKB4cBBwsFCwgHDwQKRwBLAAUHBQcIBwQKRwBLAAgHBApHAEsABSICMAcBGagBEQErAQkHhAKrAUEFAy0CBCEDBAMEDUMAAQIEDQNCAAEEAQMEBgQBBEgABAcIFwgVAwcFSAEHBAoHigMHSwCBAwgHBAoHigMHSwAFQQEEA74CBQgBEwEEAAABAAAAAQYAAAEAAFQBAQAzQgEBAEEAAEEAAgBBAAIAQQACAEEAAgBBAAIAQQACAEEAAgBBAAIAQQACAEEAAgBBAAIAEEECCJkDQUkCQQ0PCQIZQQIB+wEAfQF3EzIwMjYtMDItMjdUMTE6MzE6Mzh3C3NhbXBsZS1wYWdldwdwdWJsaXNofQF9pAJ3BmNsb3NlZHcEb3BlbncAdwB3JGVlYzM2NmFjLWExZDEtNDE3OC1iMGY3LWZiMWRjNmU4NTk4NXh3LDxkaXYgY2xhc3M9IndwLWJsb2NrLWdyb3VwIj4KCgoKCgoKCgoKPC9kaXY+dwpjb3JlL2dyb3VwdwNkaXZ2AQR0eXBldwtjb25zdHJhaW5lZHckOGVkNjFiZDYtMDFhMy00YjU0LWE2NmQtYzExMDFmZGFhNjZieHewATxwIGNsYXNzPSJoYXMtdGV4dC1hbGlnbi1sZWZ0Ij48ZW0+w4AgTHlvbiwgPHN0cm9uZz5GZXUgRG91eDwvc3Ryb25nPiBlc3QgbsOpIGTigJl1biByw6p2ZSBkZXZlbnUgw6l2aWRlbmNlIDogdW5lIGN1aXNpbmUgc2luY8OocmUsIGd1aWTDqWUgcGFyIGxlIHBsYWlzaXIgZGUgcmVjZXZvaXIuPC9lbT48L3A+dw5jb3JlL3BhcmFncmFwaHl3MFR5cGUgLyB0byBjaG9vc2UgYSBibG9jayBvciAvLyB0byB1c2UgQ29udGVudCBBSXYBCnR5cG9ncmFwaHl2AQl0ZXh0QWxpZ253BGxlZnR3JDgyZjMwMGI0LTQ2ZTktNGU2Zi05MjE4LTYwMzQ0MDcwMjZiYnh3fDxwIGNsYXNzPSJoYXMtdGV4dC1hbGlnbi1sZWZ0Ij48ZW0+SWNpLCB0b3V0IHBhcnQgZHUgcHJvZHVpdC4gTGEgY2FydGUgc3VpdCBsZXMgc2Fpc29ucywgbGVzIGFycml2YWdlcywgbGVzIGVudmllcy48L2VtPjwvcD53DmNvcmUvcGFyYWdyYXBoeXcwVHlwZSAvIHRvIGNob29zZSBhIGJsb2NrIG9yIC8vIHRvIHVzZSBDb250ZW50IEFJdgEKdHlwb2dyYXBoeXYBCXRleHRBbGlnbncEbGVmdHckMTNjYjI4YWYtNDM1Yy00ZWEyLTg0ODAtY2NiMWFjOTJhODE1eHfhAjxwIGNsYXNzPSJoYXMtdGV4dC1hbGlnbi1sZWZ0Ij48ZW0+RW4gc2FsbGUsIGxlIHZpbiBvY2N1cGUgdW5lIHBsYWNlIMOgIHBhcnQgZW50acOocmUgYXZlYyB1bmUgc8OpbGVjdGlvbiBkZSB2aWduZXJvbnMgaW5kw6lwZW5kYW50cyBldCBkZSBkb21haW5lcyBjb25maWRlbnRpZWxzLjxicj5VbmUgYXR0ZW50aW9uIHBhcnRpY3VsacOocmUgZXN0IHBvcnTDqWUgw6AgbCdhY2Nlc3NpYmlsaXTDqSwgYXZlYyBsJ2VudmllIGRlIHByb3Bvc2VyIGRlcyBib3V0ZWlsbGVzIGp1c3Rlcywgc2FucyBleGPDqHMsIHBvdXIgcXVlIGNoYWN1biBwdWlzc2Ugc2UgZmFpcmUgcGxhaXNpciBzYW5zIGNvbnRyYWludGU8L2VtPi48L3A+dw5jb3JlL3BhcmFncmFwaHl3MFR5cGUgLyB0byBjaG9vc2UgYSBibG9jayBvciAvLyB0byB1c2UgQ29udGVudCBBSXYBCnR5cG9ncmFwaHl2AQl0ZXh0QWxpZ253BGxlZnR3JGU2NWExODk1LTVkMWEtNGEwMS1hYmQ1LTU3NDY4MjBhMTVhZXh3zgE8cCBjbGFzcz0iaGFzLXRleHQtYWxpZ24tbGVmdCI+PGVtPjxzdHJvbmc+RmV1IERvdXg8L3N0cm9uZz4sIGPigJllc3QgdW4gY291cGxlLCBkZXV4IHBhcmNvdXJzLCB1bmUgbcOqbWUgdmlzaW9uIDogY3LDqWVyIHVuIGxpZXUgw6Agbm90cmUgaW1hZ2UsIG\/DuSBs4oCZb24gYWNjdWVpbGxlIGNvbW1lIG9uIGFpbWUgw6p0cmUgYWNjdWVpbGxpLjwvZW0+PC9wPncOY29yZS9wYXJhZ3JhcGh5dzBUeXBlIC8gdG8gY2hvb3NlIGEgYmxvY2sgb3IgLy8gdG8gdXNlIENvbnRlbnQgQUl2AQp0eXBvZ3JhcGh5dgEJdGV4dEFsaWdudwRsZWZ0dyQyM2ZlYzJjNS05MzA0LTRlOTYtYmZiMS0xMjk1ZTY3NGRhNWR4d70BPHAgY2xhc3M9Imhhcy10ZXh0LWFsaWduLWxlZnQiPjxlbT48c3Ryb25nPkZldSBEb3V4PC9zdHJvbmc+LCBjJ2VzdCB1biBwcm9qZXQgZGUgY8WTdXIsIGRlIHBhc3Npb25uw6lzIGR1IG3DqXRpZXIuPGJyPlVuIGxpZXUgcGVuc8OpIHBvdXIgZHVyZXIsIHBvdXIgw6l2b2x1ZXIsIHBvdXIgY3LDqWVyIGR1IGxpZW4uPC9lbT48L3A+dw5jb3JlL3BhcmFncmFwaHl3MFR5cGUgLyB0byBjaG9vc2UgYSBibG9jayBvciAvLyB0byB1c2UgQ29udGVudCBBSXYBCnR5cG9ncmFwaHl2AQl0ZXh0QWxpZ253BGxlZnR3JGZhMTVhZDZmLTk1MmUtNDQ2MC05ZWM4LTg5MmQ0MmQ5ZGU1Mnh3bTxwIGNsYXNzPSJoYXMtdGV4dC1hbGlnbi1yaWdodCI+PGVtPk9uIHkgdmllbnQgcG91ciBkw6lqZXVuZXIsIGTDrm5lci4uLiBldCBzb3V2ZW50LCBvbiB5IHJldmllbnQuLi48L2VtPjwvcD53DmNvcmUvcGFyYWdyYXBoeXcwVHlwZSAvIHRvIGNob29zZSBhIGJsb2NrIG9yIC8vIHRvIHVzZSBDb250ZW50IEFJdgEKdHlwb2dyYXBoeXYBCXRleHRBbGlnbncFcmlnaHR3JGU2NmIzYjdiLTdkMDUtNGZhNi05ZjViLTdjYjViZGU3ZmNmN3h3BzxwPjwvcD53DmNvcmUvcGFyYWdyYXBoeXcwVHlwZSAvIHRvIGNob29zZSBhIGJsb2NrIG9yIC8vIHRvIHVzZSBDb250ZW50IEFJdyQ2Y2MyMzFmOC0xMmE1LTQ1MjQtYmY1MC1mZTgzYTk4ZTMwY2Z3JDYxM2Q0NWE3LTJhZGQtNDE5Yy1iNTc2LWNkMTYyOWZiOGZhYXh3DmNvcmUvcGFyYWdyYXBoeXcwVHlwZSAvIHRvIGNob29zZSBhIGJsb2NrIG9yIC8vIHRvIHVzZSBDb250ZW50IEFJdyRlMTFhMzE4Mi0wY2ZiLTRhNmYtYTI2Mi0zNTkzY2Q1MDM3Nzh4dw5jb3JlL3BhcmFncmFwaHl3MFR5cGUgLyB0byBjaG9vc2UgYSBibG9jayBvciAvLyB0byB1c2UgQ29udGVudCBBSXckYmFkOWNkODItOWUyOS00NmM2LTkzZTEtMmM4ZmIzNTcxY2I3dyRlM2Y5M2NhNy00NTIyLTQ4OTYtOTBlYS1iMjBiNjMxZGRhZjJ3JDZkM2ZiYTgyLWNmYTAtNGM5NS04ZmRiLTJlZWFmMjZhM2NiZHckMDgzNTBhZjctMTExYy00MDZjLTg4OWMtYWQ5ZjVkN2MyYmVieHcOY29yZS9wYXJhZ3JhcGh5dzBUeXBlIC8gdG8gY2hvb3NlIGEgYmxvY2sgb3IgLy8gdG8gdXNlIENvbnRlbnQgQUl3JGFmZTNhMWYzLTk0NjQtNGQyYS1iM2Q4LTMzYTgxZTdkYTY2Znh3DmNvcmUvcGFyYWdyYXBoeXcwVHlwZSAvIHRvIGNob29zZSBhIGJsb2NrIG9yIC8vIHRvIHVzZSBDb250ZW50IEFJe0J52VyId5AAfajQxNANAaioougGGs4BB\/0B2AGkCQAIAAkHfWPoBQEBCAEADSMwBhp5qwIAAgECAAIAAQAwdQQABRBW9gQFDgEIAQEBGAQB\",\"updateId\":983776172}","footnotes":""},"class_list":["post-2","page","type-page","status-publish","has-post-thumbnail","hentry"],"blocksy_meta":{"has_hero_section":"disabled","styles_descriptor":{"styles":{"desktop":"[data-prefix=\"single_page\"] {background-position:50% 50%;background-size:cover;background-repeat:no-repeat;background-color:#000000;background-image:linear-gradient(rgba(0, 0, 0, 0.51), rgba(0, 0, 0, 0.51)), url(https:\/\/restaurantfeudoux.fr\/wp-content\/uploads\/2026\/03\/WhatsApp-Image-2026-03-24-at-20.15.55.jpeg);}","tablet":"","mobile":""},"google_fonts":[],"version":6},"background":{"background_type":"image","background_pattern":"type-1","background_image":{"attachment_id":169,"x":0.5,"y":0.5,"url":"http:\/\/restaurantfeudoux.fr\/wp-content\/uploads\/2026\/03\/WhatsApp-Image-2026-03-24-at-20.15.55-1024x683.jpeg"},"gradient":"linear-gradient(135deg,rgba(6,147,227,1) 0%,rgb(155,81,224) 100%)","background_repeat":"no-repeat","background_size":"cover","background_attachment":"scroll","patternColor":{"default":{"color":"#e5e7ea"}},"overlayColor":{"default":{"color":"rgba(0, 0, 0, 0.51)"}},"backgroundColor":{"default":{"color":"#000000"}}}},"_links":{"self":[{"href":"https:\/\/restaurantfeudoux.fr\/index.php\/wp-json\/wp\/v2\/pages\/2","targetHints":{"allow":["GET"]}}],"collection":[{"href":"https:\/\/restaurantfeudoux.fr\/index.php\/wp-json\/wp\/v2\/pages"}],"about":[{"href":"https:\/\/restaurantfeudoux.fr\/index.php\/wp-json\/wp\/v2\/types\/page"}],"author":[{"embeddable":true,"href":"https:\/\/restaurantfeudoux.fr\/index.php\/wp-json\/wp\/v2\/users\/1"}],"replies":[{"embeddable":true,"href":"https:\/\/restaurantfeudoux.fr\/index.php\/wp-json\/wp\/v2\/comments?post=2"}],"version-history":[{"count":13,"href":"https:\/\/restaurantfeudoux.fr\/index.php\/wp-json\/wp\/v2\/pages\/2\/revisions"}],"predecessor-version":[{"id":321,"href":"https:\/\/restaurantfeudoux.fr\/index.php\/wp-json\/wp\/v2\/pages\/2\/revisions\/321"}],"wp:featuredmedia":[{"embeddable":true,"href":"https:\/\/restaurantfeudoux.fr\/index.php\/wp-json\/wp\/v2\/media\/164"}],"wp:attachment":[{"href":"https:\/\/restaurantfeudoux.fr\/index.php\/wp-json\/wp\/v2\/media?parent=2"}],"curies":[{"name":"wp","href":"https:\/\/api.w.org\/{rel}","templated":true}]}}